p - s = 0. List the prime factors of p.
7
List the prime factors of (((-159)/(-2))/(-3))/(1/(-2)).
53
Suppose -5*c - 12 = -3*c. Let d = c - -9. Suppose 2*z - 2*g + g = 13, d*g + 19 = 2*z. List the prime factors of z.
5
Suppose 3*r - b - 94 = 0, b - 5*b + 40 = r. Suppose -r = -y + 7. What are the prime factors of y?
3, 13
Let w(x) = x**2 + x - 4. Suppose -12 = -3*d + 3*p, -4*d + 0*p + p + 19 = 0. Let k be w(d). Let t = k - 8. What are the prime factors of t?
2, 3
Suppose -3*o - 5*s = 29, -3*o + 2*s + 26 = -6*o. Let y(k) = k**3 + 8*k**2 - k - 6. Let w be y(o). List the prime factors of (12/3)/1*w.
2
List the prime factors of 11/(220/(-32))*-115.
2, 23
Suppose 4*g - g - 189 = 0. Let f = g + -22. What are the prime factors of f?
41
Let t(l) = -l**3 - l**2 - 5. Suppose 20 = q - 6*q. List the prime factors of t(q).
43
Let f(b) = 3*b**2 - 6*b - 6. Let o(w) = -4*w**2 + 5*w + 5. Let p(k) = -6*f(k) - 7*o(k). What are the prime factors of p(-1)?
2, 5
Let r(i) = -i**2 - 4*i. Suppose b = -4*n + 1, 2*n - 4*n + 11 = -3*b. Let p be r(b). Suppose -p*z - 28 = -7*z. What are the prime factors of z?
7
Let k(n) = n**3 - n + 5. Let q be k(0). Suppose -16 = -q*r + r. Suppose 15 = r*x - 5. What are the prime factors of x?
5
Suppose -5*w - 10 = 0, 10 = 4*s - 5*s - 5*w. Suppose s*z = z. Suppose -2*d + 20 = -z*d. What are the prime factors of d?
2, 5
Suppose 0 = 3*m - 150 - 417. Suppose -m = -3*u + 3*w, 2*u + 0*w - 134 = -2*w. Suppose z + 4*z = -5*n + u, 2*n = -5*z + 62. List the prime factors of z.
2, 3
Suppose 5*b - b - 276 = 0. Let g = 104 - b. List the prime factors of g.
5, 7
Let r(q) = -7*q - 6. Let t be r(-12). Suppose 3*k - t - 12 = 0. List the prime factors of k.
2, 3, 5
Let f(o) = 2*o - 1. Suppose -5*b - 4*u = -19, 2*b + 3*u = -3*b + 18. Let k be f(b). Suppose 5*g - i - 47 = 3*i, k*g + 5*i = 65. List the prime factors of g.
11
Suppose 5*f - 50 + 0 = 0. Let d = 22 - f. Let u = -6 + d. List the prime factors of u.
2, 3
What are the prime factors of 24/(-10)*(-70)/4?
2, 3, 7
Let z(i) = i**3 + 14*i**2 + i + 16. Let q be z(-14). What are the prime factors of ((-20)/(-6))/(q/3)?
5
Suppose 5*a - 2*b - 3 = 1, -b - 2 = 2*a. What are the prime factors of -1*((-2 - a) + -1)?
3
List the prime factors of 87 - (0 - 1/(4 + -3)).
2, 11
Suppose 2 = -2*x + 30. Let k = x + -9. What are the prime factors of k?
5
Let k(x) = -x**2 - 6*x + 2. Let n be k(-6). Suppose 5*h - 31 = 3*i - 0, 0 = -2*h + n*i + 14. List the prime factors of h.
5
Let f be (-1 + 27/15)*5. Suppose 4*n + 7*m - 49 = 2*m, -5*n + 10 = -f*m. List the prime factors of n.
2, 3
Let y be ((-12)/(-10))/(9/30). Suppose j = 32 + y. List the prime factors of j.
2, 3
Suppose 0*t - 4 = -3*t + a, 5*t - 2*a - 6 = 0. Suppose -3*m = -2*m - t. List the prime factors of ((-5)/m)/((-2)/8).
2, 5
Suppose 5*s + 2*i = 6*i + 51, 3*s = 2*i + 29. What are the prime factors of (-2)/s + 1404/63?
2, 11
Let f(g) = g**3 + 9*g**2 - 9*g + 14. Let s be f(-10). Suppose s*t - 9 = 3. List the prime factors of t.
3
Let m(n) = 5*n**2 - 2*n - 1. List the prime factors of m(6).
167
What are the prime factors of (3 + (238 - -4))*1?
5, 7
Let d = 367 - 141. What are the prime factors of d?
2, 113
Suppose -2*c = c + 45. Let z = 25 + c. What are the prime factors of z?
2, 5
Suppose 0*h = -3*h. Suppose 5*m - 59 = -0*q - 4*q, -5*q + 5 = h. What are the prime factors of m?
11
Let a(n) = n + 6. Let f be a(-8). What are the prime factors of 4*(-4 - 15/f)?
2, 7
Let q(j) = -6*j**2 + j. Let g be q(-1). Let o(p) = -p**2 - 7*p + 8. List the prime factors of o(g).
2
Let o = -56 - -104. What are the prime factors of o?
2, 3
Let l(u) = u**3 + 8*u**2 - 2*u + 8. Let y be l(-8). Let c = y + 9. List the prime factors of c.
3, 11
Let k = 3 + 16. List the prime factors of k.
19
Let v(a) = 16*a**2 + a. Let z be v(1). Let k = 52 - z. What are the prime factors of k?
5, 7
What are the prime factors of ((-3)/((-90)/96))/((-2)/(-50))?
2, 5
Suppose -3 - 7 = 2*y. Let v(f) = -f**3 - 3*f**2 + 8*f + 6. List the prime factors of v(y).
2
Suppose 3*m - 6 = -0. Suppose 0 = -i + m*o - 2, 3*i - o = -2*i + 35. What are the prime factors of i?
2
Suppose 2*r = r. Suppose -4*y - d + 160 = -r*d, -105 = -3*y + 3*d. List the prime factors of y.
3, 13
Suppose 0 = 4*r + 4*k - 0*k - 1336, 0 = r + 4*k - 328. List the prime factors of r.
2, 3, 7
Suppose 4*v = v + 21. Suppose -3*w + 2*q - 96 = -v*w, -w + q = -27. What are the prime factors of w?
5
Let g = 21 - 71. Let a = g - -75. What are the prime factors of a?
5
Let n(p) = 2*p**2 + 7*p + 5. Let a be ((-10)/(-4))/(2/4). Suppose 15 + 5 = -a*i. What are the prime factors of n(i)?
3
Let b(x) = -x**2 - 11*x - 8. Let y(w) = w. Let p(m) = -b(m) - 6*y(m). List the prime factors of p(-7).
2, 11
Suppose 163 = 2*a - 143. List the prime factors of a.
3, 17
Let y(l) be the first derivative of -l**2/2 - 4*l + 1. What are the prime factors of y(-7)?
3
Suppose 0 = 2*a - 5 - 1. Suppose p + 5*r - 17 = -0*p, -2*p + a*r = -21. What are the prime factors of p?
2, 3
Let q be 6/(-12)*(-10 - 0). Suppose 7 = 4*w - q. What are the prime factors of w?
3
Suppose 3*v = -0*v + 9. Suppose -v*q = q - 20. Let b = -2 + q. List the prime factors of b.
3
Suppose m + 3*m = 4*t, 0 = -2*m + 4*t. Suppose 4*s - 3*s - 33 = m. What are the prime factors of s?
3, 11
Suppose -3*u + 155 = 5*p, -3*u + 5*p = u - 230. Let g = u + -36. What are the prime factors of g?
19
Suppose -5*o - 2*m = -18, -2*o - 3*m - 1 = -6. Suppose -4*a + 28 = 2*w - 3*w, o*w + 22 = a. List the prime factors of a.
2, 3
Let z = -37 - -46. What are the prime factors of z?
3
List the prime factors of (-30)/40 - 742/(-8) - 0.
2, 23
Suppose -v = 4*y - 21, -2*v + 5*y - 2*y + 86 = 0. What are the prime factors of v?
37
Let d(f) = -32*f - 10. List the prime factors of d(-6).
2, 7, 13
List the prime factors of (-45 + 44)/(1*2/(-284)).
2, 71
Let f = -29 + 55. Suppose -r - f = -2*r. List the prime factors of r.
2, 13
Suppose -2*a = -0*a - 4. Suppose 56 = a*v + 2*v. Suppose 3*l - 38 = -v. List the prime factors of l.
2
Suppose 2*a - 2*p = -2*a + 18, 0 = a - 5*p - 18. List the prime factors of 13/(a + -2) - 4.
3
Let w = 1 - -5. Suppose -w*r = -2*n - 5*r + 36, 3*n - 76 = -4*r. What are the prime factors of n?
2, 5
What are the prime factors of (-38 - -15)*(-2 + 1)?
23
Let m(n) = -n + 2. Let j be m(0). Suppose 10 + 46 = j*o. List the prime factors of o.
2, 7
Let m(z) be the third derivative of 5*z**4/12 + z**3/3 - 2*z**2. What are the prime factors of m(3)?
2
Let c(w) = -w**3 - 3*w**2 + 3*w. Let v be c(-4). Suppose -v*z + 25 = z. List the prime factors of z.
5
Suppose -2*b + 298 = -0*b. List the prime factors of b.
149
Suppose -2*d - 31 = y + 2*y, -5*d + 2*y = 30. Let o = d - -11. List the prime factors of o.
3
Let l(d) = -d**2 - 4*d + 7. Let c be l(-5). Let n be -8 + c + -1 + -4. Let t = -5 - n. What are the prime factors of t?
2, 3
Let f(d) = 14*d + 2. List the prime factors of f(8).
2, 3, 19
Let q(h) be the second derivative of -h + 0*h**2 - 1/6*h**3 + 5/12*h**4 + 0. List the prime factors of q(1).
2
Suppose 2*d = 2*v - 5 + 55, -v = d - 15. List the prime factors of (16/d)/(2/25).
2, 5
Let m(w) = -2*w. Let t = 4 - 2. Let k be m(t). What are the prime factors of (-96)/(-44) + k/22?
2
Suppose 4*j + s - 4 = -1, 5*s = -5*j - 15. List the prime factors of (10 + j)/((-12)/(-32)).
2
Suppose 2*y + 4*s + 0 + 2 = 0, s - 13 = y. Let p(x) = -x - 1. List the prime factors of p(y).
2
Let s(l) = 4*l**2 - 4*l - 5. List the prime factors of s(-2).
19
Let p be 3/12 + (-18)/8. Let a be 0 + (-2)/(p + 1). Suppose s = a*s - 6. What are the prime factors of s?
2, 3
Suppose k = -5*r - k + 4, -k + 2 = -4*r. Suppose r = 2*z + 4*m - 8*m + 6, 3*z - 5*m + 6 = 0. List the prime factors of z.
3
Suppose -3*d = -4*d + 210. List the prime factors of d.
2, 3, 5, 7
Let q(f) = -f**3 + 6*f**2 + 1. Let m be q(6). Let z be -2*m - (3 - 6). Let l(s) = 8*s**3 - 1. List the prime factors of l(z).
7
Let f be (0 - -1) + (4 - -27). Suppose 3*t - f = -t. List the prime factors of t/5 + (-2)/(-5).
2
Let b = -14 - -35. List the prime factors of b.
3, 7
Let v(r) = r**3 + r**2 + 2*r + 1. Let h be v(-1). Let u be -5*1/1*h. Suppose -u*z + 86 = 4*a, -4*z + 25 = 4*a - 43. What are the prime factors of z?
2, 3
Suppose 0 = -3*q + b - 5, -3*b + 15 = -2*q - 2*q. Let t = 7 + q. What are the pr